t) be the third derivative of -t**5/60 + t**4/8 + 4764*t**2. Suppose -4*j + 15 = j. Suppose -4*p = -3*p - 2*q - 3, -p = q - j. Give h(p).
0
Let t(f) = 3*f + 6. Suppose 0 = -3*z - 5 + 20, -2*z - 2 = 2*p. Let i be (-2 - 1) + 2/(p/15). Calculate t(i).
-18
Suppose 4*p - 5*q + 60 = 108, -5*p + 27 = 2*q. Let t(z) = -z**3 + 5*z**2 + 16*z - 16. Calculate t(p).
-2
Let m(p) be the first derivative of p**4/2 - 4*p**3/3 + 5*p**2/2 + 6*p + 1054. Calculate m(3).
39
Let v(y) be the first derivative of y**4/4 + y**3/3 - y**2/2 - 2*y - 2298. Let z = 9 - 7. Determine v(z).
8
Let f = 4661 - 4661. Let l(x) = -9*x - 18. Give l(f).
-18
Let v be (-12)/(-15) + (-15)/(-15)*1/5. Let c(g) = 2*g + 5. Determine c(v).
7
Let a(m) = 8 + 7 - 27*m + 10*m - 15*m. Calculate a(1).
-17
Suppose -s = -2*q - 7, 7*s = 2*s + 4*q + 5. Let g = -44 - -46. Let k(h) = -h**g - 4*h + 28 + 29 - 58. What is k(s)?
2
Let v(n) be the second derivative of -n**4/12 + n**3 + 5*n**2 - n - 76. Let r be (5 - 5) + 4 + 1. What is v(r)?
15
Suppose -2*a + s = -22, 12*s + 33 = 3*a + 8*s. Let z(f) = -3*f**2 + 10*f - 12. Let t(k) = 4*k**2 - 9*k + 13. Let d(j) = 2*t(j) + 3*z(j). Determine d(a).
1
Let i(c) be the first derivative of 5/24*c**4 + 0*c + 1/20*c**5 - 14 + 16/3*c**3 + 0*c**2. Let a(x) be the third derivative of i(x). What is a(-5)?
-25
Let k(r) be the second derivative of r**5/20 - r**3/6 + r**2/2 - 2*r. Suppose -15 - 4 = -14*j - 5. Give k(j).
1
Let h(d) be the third derivative of d**7/2520 + 17*d**6/720 + d**5/40 - 28*d**4/3 - 41*d**2. Let f(o) be the second derivative of h(o). Determine f(-16).
-13
Let q = 756 + -1199. Let d = 438 + q. Let t(h) = h + 3. What is t(d)?
-2
Let t(q) = -q**3 + 13*q**2 - 10*q - 28. Let d = -1445 + 1457. What is t(d)?
-4
Let s(r) = -19*r + 1. Let q(y) = -109*y - 291. Let m(j) = -q(j) + 5*s(j). Calculate m(-21).
2
Let h(k) = 2*k**2 - 2*k. Let d = 29 - -20. Let w be (1 - 161/d) + (-2)/(-7). Determine h(w).
12
Let d(a) be the third derivative of a**4/12 - 2*a**2. Let p(x) be the first derivative of x**4/4 + x**3 - 3*x**2/2 - 6*x + 12. Let t be p(-2). Determine d(t).
8
Let x(m) = -m**3 - 6*m**2 - m + 3. Let t = 1075 + -528. Let q = -551 + t. Calculate x(q).
-25
Let f(i) = -i**3 - i**2 + i + 14. Let p = 628 - 621. Let c be 3/63*p*0. Calculate f(c).
14
Suppose 36 = c + 16 + 12. Let l(x) = x**2 - 16*x + 58. Give l(c).
-6
Let p(q) be the first derivative of 63 - 1/2*q**2 + q. Determine p(6).
-5
Let c(s) be the second derivative of -s**3/3 + 11*s**2/2 + 4*s - 22. Calculate c(3).
5
Let j(o) = 10*o + 21. Let x(i) = 9*i + 24. Let w(k) = 4*j(k) - 3*x(k). Let m(h) = -23*h - 24. Let z(v) = -4*m(v) - 7*w(v). Calculate z(-10).
2
Let o = -45 - -50. Suppose 0*f + 5 = -c - f, -o*f = c + 1. Let y(j) = -2*j**2 - 11*j + 7. Give y(c).
1
Let a(r) = r**3 - 5*r**2 + 5*r - 6. Let s be (26/3 + -6)*1350/8. Let p = s - 446. Determine a(p).
-2
Let h(i) be the second derivative of i**5/20 - i**4/2 + i**3/6 - 5*i**2/2 - i. Let z be (-10)/3*60/(-40). Suppose -j = -z*q - 6, q = -3*q. Calculate h(j).
1
Let l(h) = -h**2 + 3*h**2 + 6070 - 6065 - h**2 - 4*h. Suppose 0 = o - 4*g + 18, -11 = -2*o - 3*g + 8. Suppose 5 - 13 = -o*p. Determine l(p).
5
Suppose -15*s + 17*s + 8 = -a, 2*a + 11 = s. Let z(g) = -61*g**2 + 4*g + 2. What is z(s)?
-63
Let n(c) = 2*c**3 + 22*c**2 - 10. Let z be n(-11). Let r(f) = 2*f**3 + 18*f**2 - 21*f - 3. Let b be r(z). Let w(x) = 4*x - 10. Give w(b).
18
Let l(p) = -p**2 + 2*p - 6. Let h be (-2)/(-4) + 26/(-4) - -8. Calculate l(h).
-6
Let u(v) = 1424*v**2 + 3*v - 4*v**3 - 716*v**2 - v - 715*v**2 + 3*v**3 + 2. What is u(-6)?
-46
Let m = -2 + 5. Let o(c) = -m + c**2 + 4*c - 2 - 2*c**2. Let j = 225158 - 225152. What is o(j)?
-17
Let w(j) be the first derivative of -j**4/4 + j**3/3 - j**2/2 + j - 139. Let f(t) = -2*t**3 - 4*t**2 - 11*t + 15. Let c(s) = -f(s) + 3*w(s). Determine c(8).
-12
Let j be ((-111)/9 - -3) + 211/633. Let s(q) be the third derivative of q**5/60 + 5*q**4/12 + 5*q**3/6 + 4*q**2. What is s(j)?
-4
Let q = 4 - 4. Suppose -2*z - 5*d = 5 - 30, -d = -3. Suppose z*y - 45 = -q*y. Let s(c) = -c + 6. Give s(y).
-3
Let k(p) = 12*p**2 + 0*p**3 - 1 + 0*p**2 - 1 + 4*p**2 + 2*p + p**3 - 14*p**2. Let z = 4 + -6. Give k(z).
-6
Let m(k) = -4*k**3 + 42*k**2 + 36*k - 62. Let b(u) = u**3 - 13*u**2 - 11*u + 21. Let x(y) = -7*b(y) - 2*m(y). Determine x(-5).
2
Let t(v) = v**3 + 17*v**2 - 36*v + 56. Let h be ((-114)/4)/((-396)/264)*-1. Give t(h).
18
Suppose 61*g + 40*g - 443 = 365. Let k(t) = -11*t + 13. What is k(g)?
-75
Suppose -3*f + 4*s = -f + 24, -2*f = 5*s - 12. Let n = 3 - 11. Let h(j) = -11*j + 2. Let q(m) = -4*m + 1. Let b(d) = n*q(d) + 3*h(d). Give b(f).
2
Let s(o) be the first derivative of -1/4*o**4 + 336 + 1/2*o**2 - 8*o + 5/3*o**3. Determine s(6).
-38
Let a(t) = t + 1. Let d = -246 - -247. Let r(l) = -2*l + 18. Let z(p) = d*r(p) - a(p). Give z(7).
-4
Let j(y) be the third derivative of y**5/15 + y**4/12 + y**3/6 + 4278*y**2. Calculate j(-3).
31
Let j(b) = -b**2 - 49*b - 177. Suppose 0*k + 31*k + 1980 = -13*k. Give j(k).
3
Let v(b) = 233*b**3 - 8*b**2 + 223*b**3 - 5*b + 11 - 457*b**3. Determine v(-6).
-31
Let b(y) be the second derivative of 6*y**3 - 37*y**2/2 + 94*y + 1. Calculate b(1).
-1
Let x(q) be the second derivative of q**3/6 + 5*q**2/2 + 41640*q. Let z be (-2)/(-4)*(1 - 1). Calculate x(z).
5
Let u(p) = 4*p + 6*p**2 - 8 + 9 - 2 - 4*p. Let c(r) = -13*r**2 + r + 2. Let f(y) = -2*c(y) - 5*u(y). Determine f(1).
-5
Let h(f) = -f**3 + 6*f**2 - f - 5. Let g = 14005 + -14002. Determine h(g).
19
Let j(z) = z**2 - 10*z + 13. Let l be (-3 - -2*1)*4*280/160. What is j(l)?
132
Suppose 0 = -7*y + 3*y + t + 8, -3*y + t = -5. Let w(g) = -g**y - 1238 + 1236 - g**2 + 2*g**3. Give w(0).
-2
Let d(i) = 20*i. Let j(p) = -7*p. Let a(n) = 6*d(n) + 17*j(n). Let f be (113 + (-168 - -82))*(2/(-6) + (-1 - -1)). Give a(f).
-9
Suppose 0 = 4*n + 2*f - 912, 21*f - 17*f = 2*n - 436. Let m(a) = n + 0*a - 225 - 8*a + a**2. Let v be (0 - 1)*14/(-2). What is m(v)?
-6
Let b(q) = -4*q**3 - 2*q**2 - 2*q. Let h(v) = -16*v**2 - 129*v - 10. Suppose 7*d + 32 = 3*d. Let o be h(d). Determine b(o).
28
Let r = -672 - -679. Let i(a) = 8*a - 55. Give i(r).
1
Let r(f) = f**2 - 10*f + 13. Let u = 103 + -104. Let g be -5*(-5 + 4 + u). Suppose g*t - 46 = 44. Calculate r(t).
4
Let u(c) = -c**3 - 9*c**2 + 9*c - 7. Suppose -5*j = 5*m - 1320, 3*m = 4*j - 0*j - 1063. Let n = j + -275. Give u(n).
3
Suppose -12*o + 4*o + 4*v = -68, 2*v + 19 = o. Let l(j) = -2*j**2 + 5*j - 3. Determine l(o).
-28
Let x(s) = -2*s + s - 104 + 22 + 68. What is x(0)?
-14
Let x(y) be the third derivative of -11/60*y**5 + 5/2*y**3 - 1/120*y**6 + 0*y + 0 + 91*y**2 + 1/12*y**4. Calculate x(-11).
-7
Let p be -1*((-2)/6 - (-1504)/282). Let o(b) = -b**3 - 2*b**2 - 2*b - 5. What is o(p)?
80
Let o(q) be the first derivative of 5*q**2/2 - 8553. Suppose 2*n + 13 = 5*z, 0 = 3*z - z - 6. Give o(n).
5
Let b(g) be the first derivative of -7*g**4 + g**3/3 + g**2/2 + g + 3300. Let o(h) = h**2 - 12*h + 10. Let w be o(11). Calculate b(w).
29
Let n(o) = o**3 + o - 2. Let q be ((-4)/10)/(552/(-110) - -5). Suppose -q*r = 5*r - 0*r. What is n(r)?
-2
Let f(b) = -283*b - 4. Let s(n) = 611*n + 8. Let q(i) = -13*f(i) - 6*s(i). Give q(-9).
-113
Suppose 38 - 11 = p - 5*t, 4*t = -12. Suppose p*d + 54 = -42. Let z(w) = -w. Give z(d).
8
Let o(v) be the second derivative of -1/3*v**3 + v - 1/3*v**4 - 1/2*v**2 + 0. Suppose -4*m + 8 = -4*j, -m - 142 = -5*j - 156. Determine o(m).
-3
Let y(i) be the second derivative of -7*i**3/6 + 16*i**2 - 17*i + 206. Give y(9).
-31
Let n(i) = 5*i + 329 - 666 + 12*i + 349 + 3*i - 16*i. Let f be (-2)/((-1)/2 + 1). What is n(f)?
-4
Let n = -127 + 129. Let k(s) = 4*s**3 - 3*s**2 + 25*s - 12. Let y(g) = -g**3 + g**2 - 6*g + 3. Let t(h) = n*k(h) + 9*y(h). Determine t(3).
-9
Let n = 150 - -244. Let o(h) = 3 - n*h + 194*h + 196*h. Determine o(-3).
15
Let n(y) = -y - 7. Let t = 102 - 121. Let o(s) = -s**3 - 19*s**2 - 4*s - 27. Let v be o(t). Suppose -3*u - 5*w - v = -15, 22 = -4*u + 5*w. Determine n(u).
1
Suppose 680*s = 669*s - 132. Let w(t) = -2*t**2 - 28*t - 27. What is w(s)?
21
Let o(r) = -r**3 + 16*r**2 - 14*r + 63. Let u be o(15). Let s = -71 + u. Let q(z) = z**3 - 7*z**2 - 1. What is q(s)?
-1
Let g(d) = d**2 + 8*d - 4. Suppose 0 = -t + 5*v + 2 + 19, -2*v = 1